75) + (-1264)/(-30)?
2, 3, 7
Suppose 2 + 10 = k - q, 2*k + 3*q = 44. Suppose 0 = 3*w - k - 41. Let d = w + -6. What are the prime factors of d?
13
Suppose 8*s - 2829 = -15*s. What are the prime factors of s?
3, 41
Let m be 19/4 + (-6)/8. Suppose 4*n + m*z = 4, 3*z + 30 + 7 = 5*n. Suppose -n = -r - 0. List the prime factors of r.
5
Let b be -1 + (3 + -1 - 1). Suppose b = 3*w - 3*y + 3, -3*w + 0*y - 8 = 2*y. List the prime factors of 5*(w + 57/15).
3
List the prime factors of (-835)/(-7) - (0 + (-8)/(-28)).
7, 17
Let a(g) = g**3 + 7*g**2 - 8*g + 2. Let w be a(-8). Suppose -45 = 2*q - 4*q + 3*x, 3*x - 27 = -w*q. List the prime factors of q.
2, 3
What are the prime factors of 6/14 + 2049/21?
2, 7
Let s be (-4)/(-6) + 20/(-12). Let r = s - -17. List the prime factors of r.
2
Suppose -2*l + 3*k = l + 12, -2*k = -5*l - 5. Let y(v) = v**2 - 3*v + 1. Let o be y(l). Let t = o + 12. What are the prime factors of t?
11
Let g(j) be the first derivative of -10*j**2 + j - 3. List the prime factors of g(-1).
3, 7
Let l = -6 + 8. Suppose -5*b - 5*q + 57 = -33, 36 = l*b - 2*q. Suppose -5*h = 0, 0*h = 2*j - 2*h - b. List the prime factors of j.
3
Let x = 19 - -12. List the prime factors of x.
31
Suppose 7 = -t + 4*t - 5*c, 15 = 3*t + 3*c. Suppose 2*f - 2*d - 102 = 0, d + d = -t*f + 228. List the prime factors of f.
5, 11
Suppose -3*b - 135 = -p, 3*b = p + b - 135. Suppose 2*z = -z + p. What are the prime factors of z?
3, 5
Let u(o) = -6*o - 123. Let f(n) = -2*n - 41. Let y(j) = 7*f(j) - 2*u(j). Let d(i) = -i - 27. Let s(m) = 8*d(m) - 5*y(m). List the prime factors of s(9).
7
Let i(d) = -d**2 - 26. Let r be -1*(-1 + (0 - -1)). Let j be i(r). Let y = -9 - j. List the prime factors of y.
17
Let n = -2 - -67. List the prime factors of n.
5, 13
Let h = 9 - 3. Suppose 3*k - 8*k + 3*v = 59, 2*v - h = 0. What are the prime factors of 5/(k/(-24)) - 1?
11
Let j(g) = -g**2 + 9*g - 9. What are the prime factors of j(4)?
11
Suppose 3*w = 16 + 29. Suppose -w + 5 = -x. Let u = -4 + x. List the prime factors of u.
2, 3
What are the prime factors of 4 + 14*34/4?
3, 41
Let f = 3 + -1. List the prime factors of (-129)/(-9) + f/(-6).
2, 7
Let m = -12 + 13. List the prime factors of (-42)/(-1) + m/1.
43
Let m(g) = -g - 13. Let l be m(-7). Let f(h) = -8*h**2 + 2*h - 3. Let v(j) = 7*j**2 - 3*j + 4. Let k(r) = l*f(r) - 7*v(r). What are the prime factors of k(7)?
2
Suppose 2*x - 2*a = 6, -6*a + a = -2*x + 3. Let l = -4 - x. List the prime factors of (48/9)/(l/(-12)).
2
Suppose 0 = z - 5*h - 3 + 17, 5*h = -3*z + 18. Let c(r) = -16*r + 0*r**2 + z + 13*r + 7*r**2. What are the prime factors of c(2)?
23
Suppose -88*x - 756 = -91*x. List the prime factors of x.
2, 3, 7
List the prime factors of (-2)/4*1 + (-34026)/(-212).
2, 5
What are the prime factors of 74 + -5 - (-1 - (-2 + -1))?
67
Suppose 45 = 3*d - 120. List the prime factors of d.
5, 11
Let w be 9/(-2)*40/(-6). Let r(x) = -x - 6. Let s be r(-6). Suppose 8*o - 3*o - w = s. What are the prime factors of o?
2, 3
Suppose -3*w + 959 = 4*w. What are the prime factors of w?
137
What are the prime factors of 2 + (-1)/(-3 + 808/270)?
137
Let l(f) = -3*f + 2. Let s(j) = -j + 1. Let n(r) = -4*l(r) + 9*s(r). Let t = 7 - 4. List the prime factors of n(t).
2, 5
What are the prime factors of (-11 + 10)/((-1)/65)?
5, 13
Suppose -2*f + 3*a + 1 = 2*f, -3*f + 17 = a. Suppose m - f = 2*g + 2*m, -2*m + 20 = -3*g. What are the prime factors of (g/(-10) - 0)*20?
2
Suppose 3*n - 8*n = 0. Suppose -3*s = 2*b - 51, n = -4*b + 5*b + 5*s - 43. List the prime factors of b.
2, 3
Suppose -4*b + d + 23 = -65, -5*b = 3*d - 110. What are the prime factors of b?
2, 11
Suppose -110 = -0*l - 5*l. What are the prime factors of l?
2, 11
Let n(f) = -f - 11. Suppose 0 = 3*z + 9 + 15. Let t be n(z). Let i = t - -6. List the prime factors of i.
3
Let y be 4/12 - 10/(-6). Suppose -5*a + y*v + 161 - 2 = 0, -3*a - v = -91. What are the prime factors of a?
31
Suppose -3*k + 47 = -2*o, 0 = -3*k - 2*o + 59 + 8. Suppose 2*d - 3*l = 20, k = -5*d - 2*l + 107. List the prime factors of d.
2
Let f be ((-3)/2)/((-2)/(-24)). Suppose 22 = -4*s + 2*s. Let x = s - f. What are the prime factors of x?
7
Suppose -3*n + 5*a = -436, 0 = 3*a + a + 20. What are the prime factors of n?
137
Suppose -7*p - 55 = -2*p + 2*b, 3*p + 54 = 3*b. Let z = p - -21. What are the prime factors of z?
2
What are the prime factors of (-5)/(-20)*4 + 125 + 0?
2, 3, 7
Let g = 8 + 40. Let x = g + -30. What are the prime factors of x?
2, 3
Let n(y) = y**3 - 5*y**2 - 3*y - 8. Let w be n(6). Let b = w + 2. List the prime factors of b.
2, 3
Let d be (-2)/6 + 5/(-3). Let i = d - 1. Let r = 5 + i. List the prime factors of r.
2
Suppose -7*r + 2*r + 2*i = -210, 2*r - 3*i - 73 = 0. Suppose -3*s = -12, 4*s - r = -o - 11. List the prime factors of o.
17
Let f be -10*(0 + 2/(-4)). Suppose 2*x = f*x - 12. List the prime factors of (-3)/(1/x - 1).
2
Let w(b) = 5*b**3 + 2*b**2 - b. Let n be w(1). List the prime factors of 111/6 + 3/n.
19
Suppose -3*o = -4 - 2. Suppose o*z = 9 + 1. Suppose -z = s - 19. List the prime factors of s.
2, 7
Let o(r) = -2*r + 2. Let p be o(3). Let v(l) = 4 + l - 4*l + l. What are the prime factors of v(p)?
2, 3
Let y be (4/10)/((-3)/(-15)). Let d(f) be the third derivative of f**5/30 + f**4/24 - f**3/3 + 8*f**2. List the prime factors of d(y).
2
Let y(x) = -27*x**3 - x**2 - 2*x - 1. Let n be y(-1). Let o = -7 + n. List the prime factors of o.
2, 5
Suppose 0 = -4*u, 5*u - 6 - 6 = -3*c. Suppose -10 = -2*d + c. List the prime factors of d.
7
Suppose y + 3*y - 25 = 5*z, 5*y - 15 = 3*z. Let m be (-8)/(-10)*(y + 5). Suppose 3*g = -g + 8, -m*x = -5*g - 2. What are the prime factors of x?
3
Let n(z) = 4 + 0 + 0*z - 3*z + 2*z. List the prime factors of n(0).
2
Let q(o) = -o**3 + 9*o**2 + 11*o. List the prime factors of q(10).
2, 5
Let y(d) = d**2 + 8*d + 8. Let l be y(-6). List the prime factors of (-6)/l - (-12)/8.
3
Let b(n) = 2*n + 2. Suppose -2*u - 2 = -3*u, 3*w + 3*u - 18 = 0. What are the prime factors of b(w)?
2, 5
Let s be 1/2 - 21/6. Let o = 0 - s. What are the prime factors of o?
3
Suppose 4*y - 3*y - 8 = 0. Let v(w) = -w**3 + 7*w**2 + 8*w + 8. List the prime factors of v(y).
2
Let k = -4 - 0. Let o = k - -8. Suppose 2*t = -o*l + 22, l = -l + 6. What are the prime factors of t?
5
Let b(d) be the first derivative of d**4/2 - 4*d**3/3 - 2*d**2 - 4*d + 7. What are the prime factors of b(4)?
2, 11
Let i be (-2)/(-8) - 382/(-8). Let v(k) = 2*k - 5. Let g be v(4). Suppose 2*w + 2*z = 26, 0*w - g*z = 4*w - i. What are the prime factors of w?
3
Let f = -7 - -5. Let m = f + 8. Suppose -m = -2*o + 2. What are the prime factors of o?
2
Let x = -8 - -6. Let r be (8/(-2))/(x/(-4)). What are the prime factors of -1*(r - 0 - 3)?
11
Suppose -18 - 8 = 2*j. Let q = 18 + j. List the prime factors of q.
5
Suppose q - 5*q + 532 = 0. List the prime factors of q.
7, 19
Let h(c) = -3*c**3 + 3*c**2 + 4*c + 2. Let n be h(-2). Let j = -18 + n. What are the prime factors of j?
2, 3
Suppose 3*j = 2*j + 94. What are the prime factors of j?
2, 47
Suppose -12*b - 8*b + 3460 = 0. What are the prime factors of b?
173
Let g be (8/(-6))/(6/(-279)). Let v = g - 39. List the prime factors of v.
23
Let m(n) = -2*n**2 + 2*n - 2. Let r be m(5). List the prime factors of (-2 - r/15)*15.
2, 3
Let o(z) = 3*z**2 - 10 - 3*z**2 + z**2 + 3*z. What are the prime factors of o(-7)?
2, 3
Suppose -2*n + 3 = w, -3 = -2*n + 3*w + 4. Suppose -a - 4*x + 4 = 0, -n*a = -3*a + 3*x + 32. Suppose -4*j + a = -40. What are the prime factors of j?
3, 5
Suppose 0*i + 3*i - 15 = 0. Let q(t) = -t**2 + 3*t. Let d be q(3). Suppose d = o - 18 + i. List the prime factors of o.
13
Let c(x) = x**2 - 30. Let s be c(0). List the prime factors of ((-3)/(-2))/((-3)/s).
3, 5
Let t(s) = 1 + 0*s + 0*s + 3*s**2 - 2*s**2 - s**3. Let w be t(2). Let j(b) = -b**3 - 2*b**2 - b - 1. List the prime factors of j(w).
11
Suppose -657 = -3*c - 3*o, -c + 3*o = 2*c - 639. What are the prime factors of c?
2, 3
Suppose 0 = -0*r - 3*r + 138. Suppose 2*y = 4*y - r. List the prime factors of y.
23
Suppose 5*s - 217 + 67 = 0. List the prime factors of s.
2, 3, 5
Let p be (-9)/15 - 26/(-10). Suppose -52 = -4*r + p*y - 6*y, 44 = 3*r - 2*y. What are the prime factors of r?
2, 7
Let q(x) = -x**3 + 11*x**2